1188 = -10*p + p. What is the tens digit of p?
3
Let u = 9 + -11. Let r(q) = -9*q. What is the tens digit of r(u)?
1
Let p(a) be the first derivative of -a**5/120 + 5*a**4/24 + a**3/3 - 3. Let t(l) be the third derivative of p(l). What is the units digit of t(3)?
2
Suppose -r = -0*r - 30. What is the units digit of r?
0
Let l(g) = g**2 - 5*g + 4. Let n be l(5). Suppose 2*r = n*r - 8. What is the units digit of r?
4
What is the units digit of 2/(-4) + 116/8?
4
Suppose 48 = -2*d + 252. What is the hundreds digit of d?
1
Suppose -2*z + 56 = -32. What is the units digit of z?
4
Let i(b) = 18*b - 11. What is the tens digit of i(9)?
5
Suppose -5*c + 733 = 3*x, 4*c - 236 - 352 = -2*x. What is the hundreds digit of c?
1
Let s be -2 + 11/1 + -2. Suppose -3*c = -s*c. Suppose c*d - d = -4. What is the units digit of d?
4
Let m be ((-5)/3)/(6/(-18)). Suppose -m*k + 56 = -k. What is the tens digit of k?
1
Suppose -t + 3*b + 3 = 0, 3*t + b + 0*b + 1 = 0. Let v = 2 - t. What is the units digit of v?
2
What is the tens digit of (0 - -10 - -1) + 3?
1
Suppose -168 = -8*y + 824. What is the units digit of y?
4
Let m(u) = u**3 + 6*u**2 - 7*u. Let o be m(-7). Suppose o = -y - 8 + 33. What is the units digit of y?
5
Suppose 2*u - 4*x = 4*u - 126, 4*x - 339 = -5*u. What is the units digit of u?
1
Suppose 0 = -3*q - 2*q + 20. Let x(j) = -2*j - q*j + j + j**2 + 0*j - 1. What is the units digit of x(6)?
5
Suppose -2*k + n - 4*n = -62, 5*k - 3*n - 134 = 0. What is the units digit of k?
8
Let r = -36 + 26. Let k(u) = -u**2 - 10*u + 10. What is the tens digit of k(r)?
1
Let x be (2 + -4)*(-9)/(-3). Let j(r) = -8*r - 9. What is the units digit of j(x)?
9
Suppose 2*y = 4 - 2. Let z(n) = y - 3 + 0*n + 4*n - 3*n. What is the units digit of z(3)?
1
Let g(r) = r + 6. Let b be g(7). Suppose -3*j = -b - 29. Let s = j + -6. What is the units digit of s?
8
Let p = 3 + 0. Suppose -2*g - 1 = -7. Suppose -6 - 3 = -p*o - g*i, 0 = -5*i. What is the units digit of o?
3
Let z(q) = -45*q**3 - 2*q - 1. What is the tens digit of z(-1)?
4
Let n(u) = -u**2 + 9*u + 14. Let m = -17 + 27. Let d be n(m). Suppose -21 = -f + 4*s - 9, -f + 20 = d*s. What is the units digit of f?
6
Let b(h) = -h + 9. Let w be 4/(-16) + (-23)/4. Let s = w + 13. What is the units digit of b(s)?
2
Let n(c) = c - 8 - c + 4*c. Suppose -2*g + 2*r = 4*r - 14, -2*g + 3*r + 9 = 0. What is the units digit of n(g)?
6
Let d(x) be the third derivative of 1/120*x**6 + 0 - 3/20*x**5 + 13/6*x**3 + 0*x - 3*x**2 - 5/12*x**4. What is the tens digit of d(10)?
1
Let i(x) = 5*x**2 + 3*x + 29. What is the hundreds digit of i(9)?
4
Let u = -5 + 9. Suppose b + 12 = 4*y, -6 = -u*y + 2*y + 2*b. Suppose 1 = y*x + 5*q, 2*q + 10 = 2. What is the units digit of x?
7
Suppose -5*q = 1 + 4, d + 3*q = 139. What is the units digit of d?
2
Let p = -3 + 1. Let o be (-22)/(-4)*(p - -4). Suppose -o - 4 = -5*j. What is the units digit of j?
3
Suppose -3*r = r + 4*p - 192, 0 = 2*p. What is the tens digit of r?
4
Suppose -6*z + z + 5*j - 50 = 0, 4*z - j = -28. Let l = z - 0. What is the units digit of (-3)/l*8 + -2?
2
Suppose 57*j + 561 = 60*j. What is the tens digit of j?
8
Let s(l) = l**2. Suppose 0 = 5*b + 5 - 20. Suppose 2*p - b*p - 1 = 0. What is the units digit of s(p)?
1
Suppose 2*g + 222 = 4*x, -2*g + 0*g = -2. What is the units digit of x?
6
Suppose 5*i - 7 = 3. What is the units digit of (-5 - -3)/(i/(-4))?
4
Let i(k) = -3 + 0 - 3 - 2*k - 11*k - k**2. What is the units digit of i(-9)?
0
Suppose -34 = -5*y + 86. Suppose 3*u - y = -u. What is the units digit of u?
6
Let o be 70/21*(9 - 0). What is the units digit of (o/(-40))/(1/(-44))?
3
Let o be ((-1)/(-3))/((-5)/(-30)). Suppose -o*a + a = -20. Let g = a - 8. What is the tens digit of g?
1
Let j(n) = -4*n. Suppose s = -0*s + 4. Suppose -s - 2 = 2*u. What is the units digit of j(u)?
2
Let i(f) = -f**3 + f + 31. Suppose -3*x = -3*d - 0*d, -4*x = -d. What is the units digit of i(x)?
1
Suppose -n + 361 = -4*c + 7*c, -5*c = -4*n - 596. What is the tens digit of c?
2
Suppose -3*h + 71 + 65 = p, -p + 42 = h. Suppose 5*f = -20, 2*w - h = 5*f - 11. What is the units digit of w?
8
Let q = 11 - 7. Let o = 13 + q. What is the tens digit of o?
1
What is the units digit of -7*(9/(-3) + 2)?
7
Let a(b) = 3*b**2 - 2*b - 2. What is the tens digit of a(-6)?
1
What is the tens digit of (128/(-4) + -1)*-1?
3
Suppose -1 = -3*d + 4*l, 5*d + 0*d - 4*l - 7 = 0. Suppose -2*s - 6 = -k - k, d*k = -s + 13. What is the units digit of k?
4
Let a(r) = r**3 - 4*r**2 + 4*r. Let j be a(3). Suppose 3*b = -2*c + 91, 5*b + 66 = -j*c + 218. What is the tens digit of b?
3
Suppose w = -2*d, 5*d = w + w - 18. Let o(t) = t**2 - 5*t + 3. Let r be o(w). What is the tens digit of 47/4 - r/4?
1
Let g(u) = u**3 - 5*u**2 + 2*u - 6. Let n(y) = y. Let x be n(5). Let a be g(x). Suppose d - 5 = -a. What is the units digit of d?
1
Suppose -2*v + 3*k - 13 = 0, -2*k + 9 = -3*v - 3. What is the units digit of 9*-1*2/v?
9
Suppose 5*s - 80 = 40. Suppose -3*q = 6 - s. What is the units digit of q?
6
Let r(g) = -g**2 - 21*g - 5. What is the units digit of r(-14)?
3
Let g = -2 - -3. Let f be (6/(-4))/g*2. Let k = f + 6. What is the units digit of k?
3
Suppose 188 = 8*c - 6*c. What is the units digit of c?
4
Let q = 1 + 0. What is the units digit of q?
1
Suppose 9 = 4*c - 3. Let g(x) = x**2 - 20*x + 20. Let s be g(19). Suppose c = u + s. What is the units digit of u?
2
Let g(u) = -7*u**2 + 18*u - 1. Let p(z) = -8*z**2 + 19*z - 1. Let q(b) = 7*g(b) - 6*p(b). What is the units digit of q(6)?
5
Suppose -2*u = 2*x - 56, 3*u - 19 + 55 = 2*x. Let p = -35 + x. Let s = -7 - p. What is the units digit of s?
4
Let b = 115 + -91. What is the units digit of b?
4
Suppose r = u - 16, 8 + 32 = u + 5*r. Suppose 0 = 2*g - 6*g + u. What is the units digit of (-8*(g + -3))/(-2)?
8
Let o = 0 - -6. Suppose -g + o*g = 10. Suppose 22 = -g*q + 4*q. What is the units digit of q?
1
What is the hundreds digit of (-2)/(-14)*1013 - 54/(-189)?
1
Let r(c) = -c**2 + 18*c + 24. What is the tens digit of r(18)?
2
Let n(h) = 2*h**2 - 2*h + 2. Let r be n(2). What is the units digit of (-56)/(-6) + r/9?
0
Let g(q) = 3*q**2 - 12*q - 15. Let n be g(13). Suppose 0 = 5*z - n + 91. What is the tens digit of z?
4
Suppose 1 = -5*s - 19. What is the tens digit of (s + (-14)/3)*-3?
2
Let w(z) = -z**3 - 5*z**2 + 4*z - 4. Let f be w(-6). Suppose 6*h - f*h + 30 = 0. What is the units digit of h?
5
Suppose -7*i + 34 = -5*i. Suppose 5*l - 142 + i = 0. What is the units digit of l?
5
Let k(u) = u**2 - u**3 + 8*u**2 - 8*u + 10 + 0*u. What is the tens digit of k(8)?
1
Let x(u) = -7*u - 4 - 3 + 3. What is the tens digit of x(-3)?
1
Suppose 6*r = 2*r + 20. Suppose -r*m = 1 - 26. What is the units digit of m?
5
Let a(c) = 7*c**2 - c. Let w be a(-1). What is the units digit of -1 + (3 - 5) + w?
5
Let d(g) = -g**3 - g**2 - 2*g + 3. What is the units digit of d(-5)?
3
Let q(k) = k**3. Let d(b) = -7*b**3 - 10*b**2 + b - 7. Let s(i) = -d(i) - 6*q(i). What is the units digit of s(-10)?
7
Let v = 36 + 238. Let r be v/18 - 4/18. Suppose -r = -3*x + 24. What is the tens digit of x?
1
Let o be -2*(-1 - 14/(-4)). Let y = -16 - -12. Let m = y - o. What is the units digit of m?
1
Let q = -180 - -258. What is the tens digit of q?
7
Suppose 4*w - 236 - 172 = 0. What is the hundreds digit of w?
1
Suppose -698 - 743 = -11*l. What is the tens digit of l?
3
Let t = 201 + -136. What is the tens digit of t?
6
What is the tens digit of (40/(-4) - -3)*-4?
2
Let f(a) = -2*a + 2*a - 5 + a. Let k = 2 - -4. What is the units digit of f(k)?
1
Suppose t = -13 + 2. Let s = t + 33. What is the tens digit of s?
2
Suppose 3*r + 6*g - 206 = 7*g, 4*r - 4*g - 272 = 0. What is the tens digit of r?
6
Suppose -561 + 337 = -2*n. What is the tens digit of n?
1
Let r be 21/12*16*3. Suppose 5*f + 4*l - r - 81 = 0, -48 = -2*f + 2*l. What is the tens digit of f?
2
Suppose 2 - 10 = -3*h + 4*v, h = 3*v + 6. What is the units digit of h + 4*(2 + 1)?
2
Suppose -5*j - 41 = 4. What is the units digit of (57/j)/(3/(-9))?
9
Suppose -6*z + 2*z = 0. Let k = z - -3. Suppose -4*p - 6 + 42 = 4*m, -3*m = k. What is the tens digit of p?
1
Let a(c) = -c**2 - 15*c - 1. What is the units digit of a(-5)?
9
Let s be (-12)/(-7) - (-6)/21. What is the units digit of 4/s + (1 - -